mmon divisor of 175 and 824217275?
175
What is the greatest common factor of 85 and 46165489?
17
What is the highest common factor of 952395430 and 70?
70
Calculate the greatest common factor of 206 and 22599848.
206
Calculate the highest common factor of 1215 and 243795.
15
What is the greatest common divisor of 219 and 6488502?
3
What is the greatest common divisor of 612 and 1381543692?
204
Calculate the highest common factor of 1475 and 1345646925.
1475
What is the highest common divisor of 518576 and 496?
16
Calculate the highest common divisor of 144 and 11723712.
48
Calculate the greatest common factor of 65093 and 103292.
119
Calculate the greatest common divisor of 24272 and 780640.
656
Calculate the greatest common factor of 672426174 and 25074.
8358
What is the highest common divisor of 30 and 2510870?
10
Calculate the greatest common factor of 2548 and 287250054.
1274
What is the greatest common divisor of 13149672 and 760?
152
Calculate the greatest common divisor of 3807697 and 1267.
181
What is the highest common divisor of 3016 and 507964?
116
What is the greatest common divisor of 908 and 29623500?
908
Calculate the greatest common factor of 541793542 and 1093.
1093
What is the highest common divisor of 77 and 348844188?
77
What is the greatest common divisor of 386607 and 5980?
299
Calculate the greatest common factor of 2638224 and 159960.
744
What is the greatest common divisor of 483120 and 22680?
360
What is the highest common divisor of 179832 and 3072?
24
What is the highest common divisor of 105250 and 28345930?
4210
Calculate the highest common factor of 6640911 and 6984.
873
What is the highest common divisor of 1248365407 and 17313?
5771
Calculate the greatest common factor of 37325970 and 370.
370
What is the highest common divisor of 4293 and 90259?
53
Calculate the greatest common divisor of 12338569 and 4341.
1447
Calculate the highest common factor of 12416 and 2761504.
32
Calculate the highest common divisor of 3830 and 32274644.
766
Calculate the highest common divisor of 670772 and 225354.
1058
Calculate the highest common factor of 169546462 and 76.
38
Calculate the highest common factor of 716 and 14447627.
179
Calculate the greatest common factor of 4 and 721579820.
4
What is the highest common divisor of 1199410730 and 70?
70
What is the highest common factor of 1195220 and 25480?
260
Calculate the highest common factor of 208792950 and 12900.
6450
What is the highest common divisor of 13824 and 12115872?
864
What is the highest common factor of 189907 and 306?
17
Calculate the greatest common divisor of 1086957 and 369.
9
What is the greatest common divisor of 28070874 and 234?
234
Calculate the highest common divisor of 2507 and 496570.
23
Calculate the greatest common factor of 4536 and 59118822.
1134
What is the highest common factor of 559 and 116584008?
43
Calculate the greatest common factor of 11050084 and 17451.
277
What is the greatest common divisor of 42218 and 836583?
1111
Calculate the highest common divisor of 22836440 and 21726.
2414
Calculate the highest common factor of 499489437 and 159.
159
What is the highest common factor of 504431307 and 261?
261
Calculate the highest common divisor of 8 and 5770768.
8
Calculate the highest common divisor of 1350 and 3229350.
150
What is the greatest common divisor of 416538113 and 157?
157
What is the highest common divisor of 15888189 and 60?
3
What is the greatest common divisor of 1 and 4865647?
1
What is the highest common divisor of 215055 and 20459385?
3645
What is the greatest common divisor of 1124691 and 3029?
233
Calculate the highest common factor of 780 and 25583292.
12
What is the greatest common factor of 1502596 and 30238?
2326
Calculate the greatest common divisor of 7469334 and 24.
6
What is the greatest common divisor of 238274570 and 30?
10
What is the highest common divisor of 34722 and 1547058?
3858
What is the highest common factor of 224 and 61711118?
14
What is the greatest common factor of 2778960 and 720?
240
Calculate the highest common divisor of 15 and 55388265.
15
What is the highest common factor of 473923359 and 81?
27
What is the highest common divisor of 2037 and 7291781?
679
Calculate the greatest common divisor of 488496 and 54.
6
What is the greatest common divisor of 770174028 and 234?
234
Calculate the greatest common divisor of 142540342 and 595.
119
Calculate the greatest common factor of 14515290 and 90.
90
What is the greatest common factor of 9081 and 35893157?
1009
What is the highest common factor of 164883 and 178364?
1037
Calculate the greatest common divisor of 390 and 305203140.
30
Calculate the highest common factor of 5987859 and 38223.
411
What is the highest common divisor of 9447 and 25543281?
201
Calculate the greatest common factor of 3300 and 662790.
30
Calculate the greatest common divisor of 192661 and 2737.
119
What is the greatest common divisor of 29382423 and 29?
29
Calculate the highest common factor of 14635 and 206435456.
2927
What is the greatest common factor of 160668088 and 3094?
238
What is the greatest common factor of 1325582 and 6486?
46
Calculate the highest common factor of 48970 and 83830.
830
What is the highest common factor of 207254 and 2720658?
1198
What is the greatest common divisor of 12 and 5531235?
3
What is the greatest common factor of 34802197 and 207?
23
What is the greatest common divisor of 275 and 85737175?
25
What is the highest common factor of 1495 and 15095?
5
Calculate the greatest common factor of 11538124 and 177801.
611
Calculate the greatest common divisor of 577325 and 28.
7
Calculate the greatest common divisor of 2949 and 2100671.
983
What is the greatest common divisor of 28 and 72067124?
4
What is the highest common factor of 207602490 and 327?
327
Calculate the greatest common divisor of 5407634 and 692.
346
What is the greatest common factor of 7536 and 7635852?
1884
Calculate the greatest common divisor of 21248 and 18176.
256
Calculate the highest common divisor of 280 and 1171828.
28
Calculate the greatest common divisor of 14705230 and 40.
10
What is the highest common factor of 1562189 and 8213?
191
What is the greatest common factor of 2172 and 3615656?
724
What is the greatest common factor of 18837 and 17304?
21
What is the highest common divisor of 345585953 and 29?
29
What is the greatest common divisor of 29485818 and 90?
18
Calculate the greatest common factor of 156 and 12643696.
52
What is the greatest common factor of 16150 and 33010?
10
Calculate the greatest common factor of 227611314 and 116.
58
What is the greatest common factor of 102966 and 187723?
131
What is the greatest common divisor of 17068353 and 346?
173
What is the greatest common divisor of 62327716 and 308?
44
Calculate the greatest common divisor of 459620 and 4480.
140
Calculate the highest common factor of 459 and 7887099.
51
What is the highest common divisor of 951783 and 14117?
743
What is the greatest common divisor of 4060398 and 12?
6
What is the greatest common divisor of 748229175 and 620?
155
What is the highest common factor of 967779 and 3303?
3303
Calculate the greatest common divisor of 31424 and 3221942.
982
Calculate the highest common factor of 5 and 10775885.
5
What is the highest common divisor of 2440 and 5899160?
40
Calculate the greatest common factor of 1955 and 26649755.
115
What is the highest common divisor of 9566 and 193577576?
9566
What is the highest common factor of 8619832 and 78?
26
Calculate the greatest common factor of 40068 and 7236726.
2226
Calculate the highest common factor of 240664 and 1592.
8
Calculate the greatest common factor of 103445412 and 17262.
5754
Calculate the highest common factor of 518840092 and 537.
179
What is the greatest common factor of 130417 and 76384?
217
What is the greatest common factor of 17986692 and 1596?
228
What is the highest common factor of 62573493 and 963?
321
What is the highest common factor of 111116 and 35208?
4
Calculate the highest common factor of 28 and 474687178.
14
What is the highest common factor of 71 and 47779876?
71
What is the highest common factor of 12593 and 25574584?
1799
Calculate the highest common divisor of 2120 and 54591590.
530
What is the highest 